 r = 23989 + -13499. List the prime factors of r.
2, 5, 1049
Suppose p + 8 = 2. Let b be (-8)/p*(-30)/(-10). Suppose -2*y = -b*y + 10. List the prime factors of y.
5
Let w be (-68)/(-119)*(-28)/8. What are the prime factors of (w/(-6)*-1)/(59/(-207621))?
3, 17, 23
Suppose -2058 = -2*p - 0*t + 2*t, -2*t = 2. Let s = p - 635. What are the prime factors of s?
3, 131
Let l(m) be the second derivative of -m**3 - 4*m**2 + 0 - 22*m + 1/12*m**4 - 7/10*m**5. List the prime factors of l(-2).
2, 3, 5
Let t = -1032 - -989. Let n be ((-121)/1)/(-2 - -1). Let c = t + n. What are the prime factors of c?
2, 3, 13
Suppose -2*x = -2*k + 3*k + 840, -k = 4*x + 838. Let q = -363 - k. List the prime factors of q.
479
Suppose 0 = -2*y - 143 + 147. List the prime factors of y/((-4)/(-5))*2346/85.
3, 23
What are the prime factors of (-10 + 27)*36459/(7 + 2)?
17, 4051
Let s(y) be the second derivative of -7*y**3/6 + 53*y**2/2 - 23*y. List the prime factors of s(-6).
5, 19
Suppose -357*c + 102*c = -846600. What are the prime factors of c?
2, 5, 83
List the prime factors of ((4334/(-55))/((-3)/5))/(6/729).
3, 197
Suppose -10849 = 2*n - 31093. What are the prime factors of n?
2, 3, 7, 241
What are the prime factors of 2479 + (2 - (-5 + (-3)/(-1)))?
13, 191
Let k = -60 - -65. Suppose k*g + 79 = -4*r, 3*g = -0*g - 2*r - 47. Let b(i) = -i**2 - 14*i + 24. List the prime factors of b(g).
3
Let y be (-135)/(4 + -7) - 2. Let w = y - 47. What are the prime factors of (-1800)/(-28) - w/(-14)?
2
Let b(k) = -283*k - 202. What are the prime factors of b(-11)?
41, 71
Suppose 0 = -63*i + 67*i - 20. Suppose 0 = -2*g - 3*z + 589 + 379, 0 = -i*g + 5*z + 2445. List the prime factors of g.
487
Let c = 10 + -11. Let q be (-2)/c - (18/(-3) + 4). Suppose 846 = q*n + x + 157, -2*x - 871 = -5*n. What are the prime factors of n?
173
Let w(d) = -2*d**2 + 23*d - 74. Let o be w(7). Let l = 25 - o. What are the prime factors of l?
2, 3
Let z(i) = -i**2 - 18*i + 43. Let u be z(-20). Suppose 0 = 4*q - 3*a + 5, 0 = -0*q - q + u*a + 1. List the prime factors of 2*q/8 - 436/(-8).
2, 3
Let t = 20234 + -11649. Suppose -3*f = 5*a - 5129, t = -43*f + 48*f + a. What are the prime factors of f?
2, 859
Let s be -1*(1/9 - 6755/45). Let j = s + -147. What are the prime factors of j?
3
List the prime factors of (-347 - -300)/(2/(-126)).
3, 7, 47
Let u = 50 - 83. Let g be (5 + -2)/1 - -5. Let s = g - u. List the prime factors of s.
41
Let x be -7 + (-376)/8*-1. List the prime factors of (-1 - (-15176)/x)*10/4.
2, 11, 43
Let x(m) = m**2 + 32*m + 175. Let o be x(-7). Let h(q) = q**3 + 4*q + 369. What are the prime factors of h(o)?
3, 41
Let r(w) = w**2 - 7*w + 15. Let q be r(12). Suppose 39*j = 37*j + 130. Let a = q + j. List the prime factors of a.
2, 5, 7
Let x = 80 - 421. Let u = 842 + x. What are the prime factors of u?
3, 167
Let q(p) = -p**3 + 8*p**2 + 11*p + 1. Let i = 52 + -43. Let f be q(i). What are the prime factors of (-7 - (1 - 3))/((-19)/f)?
5
Suppose -13 - 5 = -5*k - 2*x, -16 = -4*x. Suppose -6*y = u - 11*y - 560, -3*u = -k*y - 1680. What are the prime factors of u?
2, 5, 7
Let r(v) = v**3 - 23*v + 1. Suppose 188 = -4*n + 236. List the prime factors of r(n).
1453
Let q = 23 + -20. Suppose q*m = 20 - 215. List the prime factors of (-4862)/m*5/2.
11, 17
Suppose -2*u + 12 = u. Suppose 0 = -5*q + u*r - 5, -r = -q - 2. Suppose -4*w + 0*p + 2*p = -352, 4*p - 264 = -q*w. List the prime factors of w.
2, 11
Let u = 99772 - 44993. What are the prime factors of u?
54779
Let i be 4/(-3)*(3588/(-8) + -6). Suppose 0 = -5*h - i + 2086. What are the prime factors of h?
2, 37
Let t(h) = -40*h - 6. Let y = 32 + -25. Suppose -y*q - 3 = -4*q - 3*k, 2*k + 1 = -q. What are the prime factors of t(q)?
2, 17
Let r be ((-2)/(-21))/(98/2058). Suppose 2*k - 5*k = -849. Suppose -6*j - 4*v + 155 = -5*j, r*j = v + k. List the prime factors of j.
11, 13
Suppose -29*h = -28*h + 4*v - 3285, 0 = -h + 2*v + 3273. List the prime factors of h.
29, 113
Let l(i) = 4*i**2 + 2*i. Let h be l(-2). Suppose -10*u - 400 = -h*u. List the prime factors of u.
2, 5
Suppose -2528 = 5*a - 2*t, 2*a = -0*a - 5*t - 988. List the prime factors of (-8)/(-3)*a/(-16).
2, 3, 7
Let o = 368 + -365. List the prime factors of o/(3/(-7)) + 105.
2, 7
Let g(z) = -z**3 - 21*z**2 - 39*z + 41. Let q be g(-18). Let o = q + 342. What are the prime factors of o?
113
Let r(m) = 2*m + 45. Let n be r(-25). List the prime factors of 4*n*(-72)/15.
2, 3
Let f(i) = i**3 + 6*i**2 - i - 6. Let j be f(-5). Suppose -5*d - 9*q + 5*q = -265, 0 = -4*d - 3*q + 213. Suppose -d = -h - j. What are the prime factors of h?
3, 11
Suppose -306*r + 2*i - 186830 = -312*r, -r = -3*i - 31165. What are the prime factors of r?
11, 19, 149
Suppose 4*u - 2*d = -27 + 73, 4*u + 5*d = 39. Suppose -a - 840 = u*a. Let b = a + 79. List the prime factors of b.
3
What are the prime factors of 32/((-2304)/(-4229628)) + (-15)/18?
2, 7, 1049
Let o(y) = -y**3 + 23*y**2 + 24*y + 3. Let m be o(24). Suppose -u = q - 379, m*q + 28 = -5*u + 1171. List the prime factors of q.
2, 47
Let d = 12100 - 7472. List the prime factors of d.
2, 13, 89
Let f = -804 + 858. Suppose f*w = 20017 + 4175. What are the prime factors of w?
2, 7
Suppose -a + 22617 = -o, -27*o + 29*o = 4*a - 90456. List the prime factors of a.
3, 7537
Let g be 3/(-9) - (-3 - (-3464)/(-6)). Let j = 989 - g. Suppose -3*u - 403 = -5*t - 4*u, j = 5*t + 3*u. List the prime factors of t.
2, 5
Let n(o) = -o**3 + 10*o**2 + 16*o - 5. Let y(z) = -z**2. Let f(s) = n(s) - 4*y(s). Let c be f(15). Suppose -7*t - 333 = -c*t. What are the prime factors of t?
3, 37
Let h(z) = 71*z**2 + 3*z + 5. Suppose -3*n - 7 - 2 = 0, 3*w - 4*n = 6. Let k be h(w). Suppose -i = m - 134, 7*i - 3*m = 5*i + k. List the prime factors of i.
137
Suppose -2*v - 3*z + 4*z - 6 = 0, 2*z = 3*v + 8. List the prime factors of ((-189)/(-18))/21 + (-598)/v.
2, 3, 5
Suppose 8 = -3*v - 6*g + 4*g, -4*g = 3*v + 16. Suppose 0 = 4*h - 8, -2*y + 3*h + 2 = -v*y. List the prime factors of 2/(-5*y/(-50)).
5
Let a be (-2)/1 - -4 - 3. Let l(k) = 420*k**2 - 4*k - 2. Let t be l(a). Suppose -645 = -11*p + t. What are the prime factors of p?
97
Suppose 3*c - 6 = 27. Suppose 108 = c*s + s. Suppose -s*a + 6*a = -117. List the prime factors of a.
3, 13
Let y(u) = -38*u - 4. Let c(f) = -1. Let z(n) = -4*c(n) + 2*y(n). Let b be z(-9). Suppose -55*r + b = -50*r. List the prime factors of r.
2, 17
Suppose -60*x = -55*x + 5. Let l(j) be the third derivative of -29*j**4/8 - j**3/3 + 16*j**2. What are the prime factors of l(x)?
5, 17
Let k be 2715*(2 + (-1)/((-12)/(-20))). Suppose 15*h - 20*h - k = 0. List the prime factors of ((-3)/(-6))/(1 + h/182).
7, 13
Suppose -27*y + 43*y - 5488 = 0. Let a = y + 38. What are the prime factors of a?
3, 127
Suppose 2*g - 16231 = -3*i, 4*g + 16237 = 11*i - 8*i. List the prime factors of i.
7, 773
Let s(i) = 4*i**2 - 31*i + 751. What are the prime factors of s(25)?
2, 619
What are the prime factors of (-57)/(-3) - (-10571 + 0)?
2, 3, 5, 353
Suppose 6 - 22 = 4*m. List the prime factors of 1495/4 + (-1)/m.
2, 11, 17
Let a be (2 - 4) + 2/2. What are the prime factors of ((-21882)/7)/6*a?
521
Let b(a) = -15 + 5*a**2 + 0*a**2 + 33 - 45 - 46*a - 3*a**2. List the prime factors of b(26).
3, 43
Let r(l) = l**3 + 20*l**2 + 2. Let c be r(-20). Suppose 2*y - 7*a - 336 = -c*a, 5*y = a + 840. What are the prime factors of y?
2, 3, 7
Let s(h) = 189*h - 1302. What are the prime factors of s(36)?
2, 3, 7, 131
Suppose 0*d = 4*k - 2*d, 3*k + 4*d = 22. Let q = 4 - k. Suppose 39 = q*g - 79. What are the prime factors of g?
59
Let l = 28 + -31. Let x be l/12 + 26/8. Suppose m + 4*r = 65, -x*m - 85 = -3*r - 265. List the prime factors of m.
61
Let f(n) = -5*n**2 - 3 + 5*n**2 + 10*n**3 + 2*n**2 + 20*n - 22*n. List the prime factors of f(4).
661
Let g(l) = 6288*l + 2197. List the prime factors of g(3).
21061
Let k(r) = 5*r**2 + 21*r - 6. Let x(d) = -6*d**2 - 21*d + 7. Let b(o) = -3*k(o) - 2*x(o). Let a be b(-7). Suppose a*v = -2*v + 366. List the prime factors of v.
61
Suppose -5*g + n = -17, -2*n + 13 = 4*g + 5. Let m(z) = 6 + 118*z - z**g + 3 - 119*z. List the prime factors of m(-4).
7, 11
Suppose 8*f - 20 = 4*f, j + 3*f = 19. Suppose j*k + 4*m + 24 = 0, 2*m + 3*m = -2*k - 24. List the prime factors of (12/18)/(k/(